 70?
3361161
In base 15, what is 2 - b2a609b?
-b2a6099
In base 4, what is -2032010120101 - 11?
-2032010120112
In base 15, what is -97 - -3269?
31c2
In base 13, what is 3 - -2ba9?
2bac
In base 8, what is -4767 - -176263?
171274
In base 3, what is -112 - 121002101120?
-121002102002
In base 7, what is 4 + 336225456?
336225463
In base 9, what is -126347 + -73?
-126431
In base 5, what is -1424 + 3344304?
3342330
In base 6, what is 2 - -4411535545?
4411535551
In base 7, what is 2436660 + -3250?
2433410
In base 14, what is 346849 + -274?
3465b5
In base 2, what is 10100 + 1110110100001111011?
1110110100010001111
In base 7, what is -10103502 + 44?
-10103425
In base 13, what is -1 + -18683b8?
-18683b9
In base 11, what is 298 - 129aa8?
-129810
In base 11, what is 67a - -339566?
33a135
In base 10, what is -3207965 + -6?
-3207971
In base 15, what is -4059970 - -5?
-405996a
In base 13, what is 12a48 - 76?
129a2
In base 2, what is 1101001000001110100100 + -1001101?
1101001000001101010111
In base 9, what is 21 - 1418271?
-1418250
In base 6, what is -2 - -13351113?
13351111
In base 15, what is -5 - -2ab8e8?
2ab8e3
In base 16, what is 34a + -6f26?
-6bdc
In base 6, what is -42 + -1035012425?
-1035012511
In base 8, what is -25021 - 4631?
-31652
In base 14, what is -1052 + -21d6?
-3248
In base 16, what is -d + -ad8c01?
-ad8c0e
In base 9, what is -1843446745 - 0?
-1843446745
In base 7, what is -4 - -106526630?
106526623
In base 14, what is 64a + 3608?
3c54
In base 2, what is -1100011001000011001111011 + -110?
-1100011001000011010000001
In base 13, what is c316606 - -3?
c316609
In base 16, what is -24c4671 + 1d?
-24c4654
In base 9, what is -27126130 - -6?
-27126123
In base 14, what is -cb6 + 1c5?
-ad1
In base 13, what is -37 - -279487?
279450
In base 6, what is -1104012 + -1353?
-1105405
In base 14, what is 438 + -3296c?
-32534
In base 13, what is -4 + 20c859b?
20c8597
In base 13, what is 75a + 6851?
72ab
In base 10, what is 170 + 144027?
144197
In base 13, what is -c689 + -241?
-c8ca
In base 10, what is -338736 - 1290?
-340026
In base 12, what is 6035a - 451?
5bb09
In base 8, what is -14415032 + 3?
-14415027
In base 12, what is 13 + 127a65?
127a78
In base 3, what is 221020 - -11002212210101?
11002220201121
In base 4, what is -11 - 200311002203?
-200311002220
In base 2, what is -1111001100100110 + -111011?
-1111001101100001
In base 16, what is -1768 + 1b?
-174d
In base 4, what is 2310221002 - 110?
2310220232
In base 14, what is -1199c961 - 2?
-1199c963
In base 11, what is -16 + -2744792?
-27447a8
In base 16, what is -3 - 19d537?
-19d53a
In base 7, what is -6146325 + 6?
-6146316
In base 8, what is -21733142 - -2?
-21733140
In base 9, what is -300 + -27816?
-28216
In base 10, what is -166086 - 7391?
-173477
In base 4, what is -2 - -13001310211?
13001310203
In base 12, what is b3 + 329b89?
32a080
In base 12, what is -2166 + -3139?
-52a3
In base 8, what is 726662501 - -4?
726662505
In base 6, what is -10412040014 + 3?
-10412040011
In base 2, what is 10100101010101010100101 + -10?
10100101010101010100011
In base 15, what is 35 - -5554?
5589
In base 3, what is 102010110 - -221120?
110002000
In base 12, what is -11095a37 - 5?
-11095a40
In base 14, what is 56c0b + 2a?
56c37
In base 3, what is 100020220020112100 - 11?
100020220020112012
In base 10, what is -4849 + -2736?
-7585
In base 6, what is -1 - 145511531?
-145511532
In base 3, what is 211121122002002 - -10?
211121122002012
In base 10, what is 4782858 + 14?
4782872
In base 15, what is 5e - e715?
-e6a6
In base 8, what is 641743 - -33?
641776
In base 5, what is 340314 - 121?
340143
In base 5, what is -143 + 131234040?
131233342
In base 3, what is -102 - 1001102101202?
-1001102102011
In base 15, what is 2 + 14a5b0?
14a5b2
In base 9, what is -2028 - -184418?
182380
In base 3, what is 1022200 - 102112002121?
-102110202221
In base 4, what is -120032120 + 100200?
-113331320
In base 9, what is 1702330 + 12?
1702342
In base 13, what is -5301a10c - -3?
-5301a109
In base 2, what is -10111001111000110 - -111100010?
-10111000111100100
In base 15, what is 4 + -8c95a?
-8c956
In base 10, what is -5 + -3157302?
-3157307
In base 15, what is 1d6a + -1100?
c6a
In base 13, what is -7 - 974049?
-974053
In base 5, what is -1043241 + -10400202?
-11443443
In base 16, what is 15 + 11377c?
113791
In base 10, what is 32043 + 253?
32296
In base 8, what is 251641 - -2365?
254226
In base 5, what is 1 - 2202113104?
-2202113103
In base 11, what is -866a9041 - 2?
-866a9043
In base 16, what is 9 + -70708?
-706ff
In base 12, what is 6 - -217b501?
217b507
In base 16, what is a3c9 - 11ba?
920f
In base 8, what is 275 + -457030?
-456533
In base 9, what is 2 - 8852645?
-8852643
In base 13, what is -c67c48 + 7?
-c67c41
In base 13, what is 3 - -65430c?
654312
In base 3, what is 0 + -2212220220002?
-2212220220002
In base 2, what is -111100001001000001111101111 - -11?
-111100001001000001111101100
In base 7, what is 52143 + -1112?
51031
In base 13, what is -1 + cc2324a?
cc23249
In base 13, what is 1c45bb4 - 12?
1c45ba2
In base 7, what is 610633 + 113?
611046
In base 11, what is -1119a85a - 0?
-1119a85a
In base 6, what is 3323122 + -45043?
3234035
In base 13, what is -38 - 1b4ba2?
-1b4c0a
In base 8, what is -2562353 + 654?
-2561477
In base 16, what is -184a071 - 4?
-184a075
In base 14, what is -1696732 - 1c?
-1696750
In base 6, what is 1 - -405503212?
405503213
In base 15, what is 5 + 3004ec5?
3004eca
In base 2, what is -101011011111111 - 11111100?
-101011111111011
In base 5, what is 0 + -2422102043?
-2422102043
In base 16, what is -6c3 + -3358?
-3a1b
In base 4, what is -223103200 - -3?
-223103131
In base 14, what is -80 + b585c?
b57bc
In base 7, what is 4 - 3204401?
-3204364
In base 10, what is -34 - 366376?
-366410
In base 13, what is 5c7 + -39aa?
-33b3
In base 16, what is 94d5de + 6?
94d5e4
In base 11, what is 1341 - aa15?
-9684
In base 6, what is 114025 + -1152404?
-1034335
In base 4, what is -123021211021 - 3?
-123021211030
In base 6, what is -213 + 2334043?
2333430
In base 2, what is -11011101110100110110110101100 + -10?
-11011101110100110110110101110
In base 16, what is -335 - -1f9be?
1f689
In base 5, what is -23331 - 3343243?
-3422124
In base 6, what is 255000355 + 0?
255000355
In base 12, what is 5 - -2102768?
2102771
In base 7, what is 2144 + -12602?
-10425
In base 3, what is -102110211101 + -2102?
-102110220210
In base 15, what is 9 - 14201a40?
-14201a36
In base 7, what is -3 + -6014261?
-6014264
In base 2, what is -101 + 11000100101110000000101?
11000100101110000000000
In base 8, what is 1347 - 53430?
-52061
In base 13, what is -900a9 + -2ac?
-90388
In base 6, what is 122225 + -3511?
114314
In base 15, what is -1d + -1675aab?
-1675ac9
In base 6, what is -5 - 1150310023?
-1150310032
In base 3, what is 120111100210122 - 22?
120111100210100
In base 14, what is -12cb + -2950?
-3c3b
In base 13, what is -168 - -13747?
135ac
In base 4, what is 123 - -102312110122?
102312110311
In base 11, what is -7310482 - 0?
-7310482
In base 6, what is -212 - 305540?
-310152
In base 3, what is -1001200002022211 - 11?
-1001200002022222
In base 13, what is 107c0 + -77c?
10041
In base 6, what is 100 + 2551252?
2551352
In base 16, what is 5a419d + 0?
5a419d
In base 14, what is 24c148 + -7?
24c141
In base 6, what is 221144023 - -4?
221144031
In base 7, what is 325 + 11603?
12231
In base 7, what is -1316502552 - 2?
-1316502554
In base 5, what is 342 - -14400022?
14400414
In base 11, what is -581940 - 2?
-581942
In base 2, what is -101100101 - 11101101100011000?
-11101110001111101
In base 14, what is -30 - -18b82?
18b52
In base 8, what is 142 - 6262463?
-6262321
In base 8, what is -15066 + -655?
-15743
In base 15, what is b + -bb51a?
-bb50e
In base 13, what is -40956a - -7?
-409563
In base 6, what is -10 + 2421003324?
2421003314
In base 2, what is -11100 - 10110010000000110100?
-10110010000001010000
In base 5, what is -103423430 + 3300?
-103420130
In base 16, what is e2e4 - 2bc?
e028
In base 12, what is -16041535 - -3?
-16041532
In base 16, what is 4 + -31ec76e?
-31ec76a
In base 5, what is 13031441 + -13104?
13013332
In base 14, what is -c83 - -344c1?
3363c
In base 10, what is 2843585 + -5?
2843580
In base 15, what is -1315dd + -2a?
-131618
In base 3, what is 12021110100 - -111